e
Does 16 divide 990197338?
False
Does 202 divide 1077645962?
True
Is 63 a factor of 11964872?
False
Does 121 divide 15742221?
True
Is 30 a factor of 19104381?
False
Is 6190158 a multiple of 33?
False
Is 3085634 a multiple of 23?
True
Does 252 divide 862560720?
True
Is 401730368 a multiple of 148?
False
Is 16344866 a multiple of 555?
False
Does 6 divide 13478116?
False
Does 17 divide 182434599?
True
Does 19 divide 166399986?
True
Does 79 divide 5317471?
False
Does 631 divide 22455343?
False
Is 34 a factor of 397465652?
False
Is 2380502 a multiple of 20?
False
Is 18 a factor of 43621938?
True
Is 51794779 a multiple of 8?
False
Does 8 divide 513369207?
False
Is 11799647 a multiple of 3?
False
Does 7 divide 13268088?
False
Is 881 a factor of 39814152?
True
Is 16 a factor of 6533738?
False
Is 2576336220 a multiple of 405?
True
Is 29431857 a multiple of 33?
False
Is 358776820 a multiple of 402?
False
Is 1124 a factor of 341286864?
True
Is 178848160 a multiple of 3196?
True
Does 8 divide 54944264?
True
Is 4741460580 a multiple of 5405?
True
Is 18445330 a multiple of 269?
True
Is 12 a factor of 75545268?
True
Is 33 a factor of 664177261?
False
Is 114042943 a multiple of 87?
False
Does 2192 divide 20065568?
True
Does 26 divide 9432994?
False
Does 1245 divide 81915393?
False
Does 254 divide 25088088?
True
Does 2 divide 2761373?
False
Does 223 divide 621947?
True
Is 402 a factor of 1066047318?
True
Does 269 divide 625644235?
True
Is 1005855 a multiple of 6?
False
Does 594 divide 853471739?
False
Is 43 a factor of 1009147220?
True
Is 97860660 a multiple of 12?
True
Is 18168666 a multiple of 17?
False
Is 294 a factor of 2495511396?
True
Is 185891600 a multiple of 100?
True
Is 4507 a factor of 3509738393?
False
Is 229412090 a multiple of 105?
False
Is 1067 a factor of 532979304?
True
Does 187 divide 65536011?
False
Does 25 divide 56649400?
True
Is 34 a factor of 69403251?
False
Is 73762167 a multiple of 3?
True
Is 30 a factor of 6745500?
True
Is 225 a factor of 68432261?
False
Is 614718687 a multiple of 33?
True
Is 96304545 a multiple of 12?
False
Is 16 a factor of 1781168?
True
Is 3897594 a multiple of 89?
False
Is 141459568 a multiple of 92?
True
Does 59 divide 383841256?
True
Is 3 a factor of 183025725?
True
Is 28 a factor of 517657672?
True
Does 24 divide 743258352?
True
Is 45 a factor of 140195093?
False
Does 330 divide 343674685?
False
Does 1342 divide 54419966?
False
Is 135 a factor of 77738535?
True
Does 2548 divide 188218894?
False
Is 10704670 a multiple of 2?
True
Is 32 a factor of 325128471?
False
Is 80 a factor of 1858291600?
True
Is 68 a factor of 8007124?
False
Is 2116662682 a multiple of 204?
False
Does 8 divide 3299116094?
False
Is 8591537 a multiple of 5?
False
Does 56 divide 46675664?
True
Is 236 a factor of 43491493?
False
Does 31 divide 39741504?
True
Is 11395259 a multiple of 3?
False
Does 23 divide 102047366?
True
Does 159 divide 2729076?
True
Is 14100351 a multiple of 123?
True
Does 1331 divide 79661018?
False
Is 13 a factor of 243023612?
True
Does 15 divide 57671490?
True
Is 1926404953 a multiple of 1488?
False
Is 210092503 a multiple of 3144?
False
Does 1086 divide 66027714?
True
Does 1259 divide 137609527?
False
Is 565 a factor of 38810382?
False
Does 1182 divide 5876518?
False
Is 357182 a multiple of 7?
True
Is 875 a factor of 65305033?
False
Is 3 a factor of 4374349?
False
Is 477078273 a multiple of 14?
False
Does 184 divide 297937400?
True
Does 36 divide 159568021?
False
Does 1133 divide 132503591?
False
Is 46218022 a multiple of 10?
False
Is 3945 a factor of 352873430?
False
Is 28729668 a multiple of 46?
True
Is 50862230 a multiple of 1270?
True
Is 17256895 a multiple of 366?
False
Does 317 divide 269572045?
True
Does 1983 divide 209071433?
False
Is 811 a factor of 52939067?
False
Is 16 a factor of 55707168?
True
Is 61 a factor of 19231714?
True
Is 29521725 a multiple of 6?
False
Is 850451375 a multiple of 409?
False
Is 9654336 a multiple of 453?
True
Is 246 a factor of 38461608?
True
Is 122 a factor of 15436294?
True
Is 436516298 a multiple of 21?
False
Is 139 a factor of 637770210?
False
Does 2631 divide 4862088?
True
Does 4097 divide 968096518?
True
Is 23 a factor of 24183603?
True
Does 56 divide 5061911904?
True
Is 3515391171 a multiple of 81?
True
Is 12 a factor of 19281655?
False
Is 411563426 a multiple of 199?
False
Is 12 a factor of 19363292?
False
Is 435936132 a multiple of 2124?
True
Is 167273968 a multiple of 79?
True
Is 521826997 a multiple of 576?
False
Is 51117591 a multiple of 21?
True
Does 187 divide 34160808?
False
Is 6956 a factor of 537949216?
True
Does 10 divide 40362600?
True
Is 3910 a factor of 3618141960?
True
Is 325 a factor of 22129199?
False
Is 3479 a factor of 34501243?
True
Is 32 a factor of 35195008?
True
Does 286 divide 386943324?
False
Does 6 divide 85328600?
False
Is 721053451 a multiple of 53?
False
Is 90 a factor of 787914270?
True
Is 50 a factor of 4854900?
True
Does 3 divide 3860537?
False
Does 20 divide 10389560?
True
Is 570 a factor of 37632540?
True
Is 215749465 a multiple of 230?
False
Is 1196342517 a multiple of 43?
True
Is 9 a factor of 60139557?
True
Is 3605806685 a multiple of 61?
True
Is 59515452 a multiple of 54?
True
Does 6 divide 1710306?
True
Does 57 divide 7976637?
True
Is 40 a factor of 39513123?
False
Is 128 a factor of 260904064?
True
Does 17 divide 1773913097?
False
Is 27859464 a multiple of 24?
True
Is 84438715 a multiple of 1877?
False
Does 80 divide 3771733520?
True
Is 2191789 a multiple of 70?
False
Does 191 divide 64886142?
False
Is 12 a factor of 51595464?
True
Does 2195 divide 5053851584?
False
Is 432 a factor of 16278624?
True
Is 406 a factor of 2727995133?
False
Is 151012131 a multiple of 801?
False
Is 91017404 a multiple of 255?
False
Does 505 divide 3316976252?
False
Does 722 divide 161506346?
True
Does 4512 divide 470285281?
False
Is 85773981 a multiple of 3?
True
Does 569 divide 2145754762?
True
Is 264652830 a multiple of 78?
True
Does 26 divide 2252732473?
False
Is 5991 a factor of 152417031?
True
Is 264696595 a multiple of 987?
False
Is 753 a factor of 9959277?
False
Is 9125510 a multiple of 19?
True
Is 1562521566 a multiple of 2291?
True
Is 194695504 a multiple of 1163?
True
Is 220 a factor of 11882513?
False
Is 219958019 a multiple of 5527?
True
Is 57997138 a multiple of 4?
False
Is 11 a factor of 638154121?
True
Does 21 divide 250687626?
True
Is 42469225 a multiple of 474?
False
Is 2394589817 a multiple of 1792?
False
Does 974 divide 55048843?
False
Is 9186342 a multiple of 66?
True
Is 2837776627 a multiple of 131?
True
Is 55 a factor of 176834295?
True
Does 2480 divide 172458521?
False
Does 1075 divide 19114575?
True
Is 2223 a factor of 1198381509?
True
Is 939 a factor of 19842009?
True
Does 4 divide 2313851?
False
Is 6 a factor of 37799929?
False
Does 71 divide 140305230?
True
Does 1402 divide 2283409173?
False
Does 34 divide 168419918?
True
Is 239991615 a multiple of 445?
True
Is 11098815 a multiple of 467?
False
Is 180 a factor of 1003741920?
True
Is 829 a factor of 361491253?
True
Does 8 divide 98350554?
False
Is 1585588288 a multiple of 947?
False
Does 8 divide 447416160?
True
Does 6 divide 193064932?
False
Does 6 divide 79966169?
False
Does 10 divide 35482166?
False
Does 23 divide 1741251711?
False
Is 4837018 a multiple of 33?
False
Is 95692759 a multiple of 8?
False
Does 8 divide 187178019?
False
Is 584 a factor of 90264792?
True
Does 11 divide 1447777969?
True
Is 1767515 a multiple of 2?
False
Does 64 divide 2104537847?
False
Does 8 divide 1061956504?
True
Is 686446446 a multiple of 1918?
True
Does 68 divide 19140164?
True
Does 74 divide 296332334?
True
Is 659 a factor of 203992622?
False
Is 680 a factor of 9469805?
False
Does 31 divide 1464956112?
False
Is 972 a factor of 102540829?
False
Is 34 a factor of 553486714?
True
Is 6 a factor of 602897875?
False
Does 18 divide 4268690505?
False
Is 4868 a factor of 115709094?
False
Is 2155 a factor of 7571922?
False
Does 135 divide 2475595?
False
Does 2018 divide 2219894846?
True
Is 51069327 a multiple of 765?
False
Is 34143617 a multiple of 31?
True
Does 1145 divide 91968785?
False
Is 42304117 a multiple of 331?
True
Does 2 divide 7321533?
False
Is 1827583477 a multiple of 9761?
False
Does 259 divi